isor of 26 and 61646?
26
Calculate the highest common divisor of 6731 and 12319.
127
What is the highest common factor of 4512 and 12096?
96
What is the highest common factor of 322224 and 60?
12
Calculate the highest common divisor of 54389 and 5891.
137
What is the greatest common divisor of 198 and 189398?
22
Calculate the greatest common divisor of 4640 and 742864.
464
Calculate the greatest common divisor of 156 and 78156.
156
What is the greatest common divisor of 28420 and 392?
196
What is the highest common factor of 234 and 3870?
18
Calculate the highest common factor of 35412 and 30.
6
What is the greatest common divisor of 1152025 and 28602?
1589
Calculate the greatest common factor of 3951 and 431976.
1317
What is the highest common factor of 2592 and 111132?
324
What is the greatest common factor of 24 and 720828?
12
Calculate the highest common factor of 6692 and 23183.
239
Calculate the highest common divisor of 43492 and 1162.
166
What is the greatest common factor of 7316 and 1272?
4
What is the greatest common factor of 2916 and 39204?
324
Calculate the greatest common factor of 87 and 58783.
29
Calculate the greatest common factor of 142296 and 840.
168
Calculate the highest common divisor of 6 and 11478.
6
Calculate the highest common factor of 6352253 and 41.
41
What is the greatest common factor of 131718 and 696?
174
Calculate the greatest common divisor of 40 and 150760.
40
Calculate the greatest common factor of 54332 and 4324.
188
What is the greatest common divisor of 69 and 22218?
69
What is the greatest common divisor of 80 and 3352?
8
Calculate the highest common divisor of 40338 and 4374.
486
Calculate the greatest common divisor of 2214 and 44172.
54
What is the greatest common factor of 202205 and 2405?
185
Calculate the greatest common factor of 85656 and 48.
24
What is the highest common divisor of 1825 and 70299?
73
Calculate the greatest common divisor of 325716 and 156.
12
What is the highest common factor of 13978 and 1102?
58
What is the highest common factor of 730 and 50?
10
What is the highest common factor of 2280 and 296970?
570
Calculate the highest common divisor of 300 and 4590.
30
Calculate the greatest common factor of 12 and 33414.
6
Calculate the highest common factor of 402 and 216008.
134
Calculate the highest common factor of 1682 and 2.
2
Calculate the greatest common factor of 5887081 and 106.
53
What is the highest common divisor of 249900 and 8160?
1020
Calculate the greatest common divisor of 1408 and 377872.
176
Calculate the highest common divisor of 26 and 816959.
13
What is the greatest common factor of 24944 and 13808?
16
Calculate the greatest common divisor of 839 and 839.
839
Calculate the greatest common divisor of 6 and 40374.
6
What is the greatest common divisor of 1273 and 1216?
19
What is the greatest common divisor of 29067 and 15?
3
What is the greatest common factor of 12 and 147834?
6
What is the greatest common factor of 9150 and 60?
30
Calculate the greatest common factor of 7847 and 91.
7
What is the greatest common divisor of 119 and 1504993?
119
Calculate the highest common factor of 3738 and 744.
6
Calculate the greatest common divisor of 1568 and 40256.
32
What is the highest common factor of 54235 and 55?
5
Calculate the highest common divisor of 182 and 3470558.
182
Calculate the greatest common divisor of 220515 and 40260.
915
What is the highest common divisor of 2525 and 4343?
101
What is the greatest common factor of 60102 and 168?
42
Calculate the greatest common factor of 17069 and 4343.
101
Calculate the highest common divisor of 26240 and 7680.
640
What is the greatest common divisor of 39284 and 14?
14
Calculate the greatest common divisor of 3686148 and 31.
31
What is the greatest common divisor of 825 and 17600?
275
What is the greatest common divisor of 5500 and 243848?
44
What is the greatest common divisor of 386320 and 1408?
176
What is the greatest common factor of 4590 and 5270?
170
Calculate the greatest common divisor of 38040 and 640.
40
What is the greatest common divisor of 2260 and 610?
10
Calculate the highest common factor of 8320 and 215680.
640
What is the highest common divisor of 22680 and 119112?
168
Calculate the greatest common factor of 2664 and 45880.
296
Calculate the greatest common factor of 70542 and 78.
6
What is the greatest common divisor of 52059 and 525?
21
What is the greatest common divisor of 776 and 226107?
97
Calculate the greatest common factor of 466 and 399362.
466
Calculate the highest common divisor of 207228 and 336.
84
What is the greatest common divisor of 145146 and 34?
34
What is the highest common factor of 110344 and 416?
104
What is the highest common factor of 12680 and 1640?
40
What is the greatest common divisor of 220 and 13365?
55
Calculate the greatest common factor of 9339 and 8613.
33
What is the greatest common divisor of 48114 and 22?
22
Calculate the greatest common factor of 93149 and 98.
49
What is the greatest common factor of 549 and 47946?
183
What is the highest common factor of 45408 and 27984?
528
Calculate the highest common factor of 751701 and 331.
331
Calculate the highest common divisor of 3302 and 117.
13
What is the highest common factor of 17617 and 158?
79
What is the greatest common divisor of 47584 and 48?
16
What is the highest common divisor of 18 and 174738?
6
What is the greatest common factor of 303331 and 14?
7
Calculate the greatest common factor of 9828 and 39.
39
What is the highest common factor of 102289 and 68?
17
Calculate the highest common factor of 282201 and 218.
109
Calculate the highest common factor of 230 and 23230.
230
What is the greatest common factor of 10763 and 141?
47
Calculate the highest common divisor of 622360 and 80.
40
What is the greatest common factor of 23940 and 46340?
140
What is the greatest common factor of 3308 and 6?
2
What is the greatest common factor of 2841 and 1300231?
947
What is the highest common divisor of 8550 and 650?
50
What is the highest common factor of 1971 and 107091?
657
Calculate the greatest common factor of 21789 and 2152.
269
What is the greatest common divisor of 8 and 71437?
1
Calculate the highest common factor of 79616 and 2368.
64
What is the greatest common divisor of 2041 and 377?
13
What is the greatest common divisor of 575 and 6385?
5
Calculate the greatest common divisor of 1072482 and 444.
222
What is the greatest common divisor of 3784 and 110?
22
What is the highest common factor of 16774 and 9?
1
What is the highest common factor of 220 and 8900?
20
Calculate the greatest common divisor of 117 and 155259.
117
What is the highest common divisor of 6804 and 4284?
252
What is the highest common divisor of 5866305 and 235?
235
What is the greatest common divisor of 472 and 30267?
59
Calculate the highest common divisor of 916 and 3051196.
916
What is the greatest common factor of 4932 and 4795?
137
Calculate the greatest common divisor of 38041 and 218.
109
What is the highest common factor of 3920 and 86800?
560
What is the highest common factor of 2698195 and 10?
5
Calculate the greatest common divisor of 17 and 324343.
17
Calculate the highest common divisor of 129 and 260193.
129
What is the greatest common factor of 369 and 3858633?
369
What is the greatest common divisor of 11826 and 12410?
146
What is the greatest common divisor of 71502 and 15198?
102
Calculate the greatest common factor of 192852 and 33.
33
Calculate the highest common factor of 34 and 307547.
17
Calculate the greatest common divisor of 2048 and 27008.
128
Calculate the highest common factor of 2624 and 574984.
328
Calculate the highest common divisor of 8 and 3662392.
8
Calculate the highest common factor of 389571 and 819.
273
Calculate the greatest common factor of 220 and 337385.
5
What is the highest common factor of 2538 and 3942?
54
What is the greatest common factor of 1660 and 100?
20
Calculate the highest common factor of 75 and 336615.
15
Calculate the greatest common factor of 11987 and 16.
1
Calculate the highest common divisor of 760 and 371032.
152
Calculate the highest common divisor of 132 and 33616.
44
Calculate the highest common factor of 3848 and 259.
37
Calculate the greatest common factor of